8. Suppose -l*t = -h - 10, -o*h = -3*t - 1 + 2. What are the prime factors of t?
3
Suppose -6*p + p = -35. Suppose -5*t = -4*s + 115, -2*s - 4*t + 45 = p. List the prime factors of s.
5
Suppose -5*w = -w - 288. What are the prime factors of w?
2, 3
Suppose 2 + 26 = 4*o. Suppose -2*l + 2*m - 5 = -3*m, -5*m = -3*l + 5. Let u = l + o. What are the prime factors of u?
17
Let z = 6 - 10. List the prime factors of (-66)/z + (-3)/6.
2
Let y(a) = 42*a**2 + a + 3. List the prime factors of y(-2).
13
Let i(o) = -o**3 + 3*o**2 - 2*o + 2. Let y be i(2). Let k(t) = -2 + 0*t + 3 - y + t. List the prime factors of k(6).
5
Let a be ((-18)/3)/((-2)/3). Suppose -2*k - 2*y + 16 = 0, -5*y - a = -5*k + 71. What are the prime factors of k?
2, 3
Suppose k = -k + 28. What are the prime factors of ((-12)/k)/((-2)/14)?
2, 3
Suppose -5*v + y = -845, -v - 3*v - 2*y = -676. What are the prime factors of v?
13
Let h(b) = -4*b - 8. List the prime factors of h(-8).
2, 3
Let z = -2 + 5. Suppose -5*s + 3*f + 75 = 0, 0 = -z*s + f + f + 46. List the prime factors of s.
2, 3
What are the prime factors of 7*3 - 0/8?
3, 7
Suppose m = 4*a - 16, 2*a - 4 = a + 5*m. Suppose 16 = -a*q - 28. What are the prime factors of 2/q + 670/55?
2, 3
Let i(a) = 13*a**2 + 1. Let d be i(-1). Suppose 3*u = m - d, 3*m + 2*u = 41 - 10. What are the prime factors of m?
11
What are the prime factors of (3/(-6)*4)/((-8)/788)?
197
Let u(o) = -2*o**3 - 30*o**2 - 4*o + 18. List the prime factors of u(-15).
2, 3, 13
Suppose 0 = u - 3*u + 122. What are the prime factors of u?
61
Suppose -5*r = -433 - 107. List the prime factors of r.
2, 3
Let l(p) = 3 - 5 + 3. Let f(v) = 6*v. Let g(i) = f(i) + l(i). What are the prime factors of g(1)?
7
Suppose 0 = 5*n - 3 - 2. List the prime factors of n/(-2)*-38 + 3.
2, 11
Suppose 0 = -3*y + 4*m, 0 = -2*y - 3*m + 5*m - 2. Suppose -4*p + 5*j = -2*p + 32, -4*p + 5*j = 44. What are the prime factors of y/p + 64/12?
2, 3
Let i = 5 - 2. Let j be -2 - -3 - -1 - 2. Suppose g - i = -j*g. List the prime factors of g.
3
Let g be 61/2 + 1/2. Let s = 44 - g. What are the prime factors of s?
13
Let z be 10/3 + (-8)/(-12). Let d be (z - 8)*(-2)/1. List the prime factors of 2/d - 14/(-8).
2
Suppose -v + 8 = 3*v. Let b be 0/(v + (-2 - 1)). Suppose b = -4*m + 2*k + 2, 5*m - 2*k - k = 0. What are the prime factors of m?
3
What are the prime factors of (-4 + (1 - 1))*-8?
2
Let v(x) = 3*x**2 + 4*x - 2*x - 3*x - 48*x**3 - 5*x**2. What are the prime factors of v(-1)?
47
Suppose 2*i + 2*i + 24 = l, 5*l + 5 = -5*i. Suppose -p + l = -13. List the prime factors of p.
17
Suppose -2*t - 3 - 25 = 0. Suppose a - 41 = -14. Let i = a + t. List the prime factors of i.
13
Let u be (-9)/6*(-22)/(-3). Let n(y) = -y**3 - 11*y**2 + 5. Let w be n(u). What are the prime factors of 4/((-4)/w)*-3?
3, 5
Let d be ((-12)/(-15))/(2/(-15)). Let f(g) = -g**3 - 5*g**2 + 3*g - 7. List the prime factors of f(d).
11
Let k = 6 + 1. Suppose -5*x + 3*l + 4 = k*l, -2*x - 4 = -4*l. Let u(n) = n**2 + 10. List the prime factors of u(x).
2, 5
Suppose -9 - 7 = -k. List the prime factors of k.
2
Let r = 35 + 21. What are the prime factors of r?
2, 7
Suppose q + 60 = 4*q. What are the prime factors of q?
2, 5
Suppose 2*o = 4*h - 18, -4*o = 12 + 8. Let g = 100 - 64. Suppose 4*p - 8 = -5*m + 11, 0 = 4*m - h*p - g. What are the prime factors of m?
7
Suppose -o - 4*v = -v - 7, 21 = 3*o - v. List the prime factors of o.
7
What are the prime factors of (-2)/(180/(-88) - -2)?
2, 11
Let v(i) = i**2 - 7*i + 1. Let a be v(6). Let w = a + 9. Suppose -15 = w*j - 7*j. List the prime factors of j.
5
Let d(l) = l - 2. Let b be d(10). List the prime factors of (20/b)/(-5)*-62.
31
Suppose 2 = -0*z + 2*z - 5*g, 2*z - 2*g = 2. What are the prime factors of ((-2)/4 + z)*6?
3
Let i(n) = 4*n**2 + 1. List the prime factors of i(-2).
17
Let t be 2/(-9) - (-22)/18. What are the prime factors of (-78)/(-3) - 2 - t?
23
Suppose 0 = 3*j + 2*j - 2*f - 71, 3*f - 30 = -3*j. Let l(p) = -7*p**2. Let x be l(-1). Let o = x + j. List the prime factors of o.
2, 3
Suppose 3*s = -5*q - 86, 2*q + 36 = 2*s - 4*s. Let m = q + 22. Suppose -4*j - m = -2, 3*p + 3*j = 15. List the prime factors of p.
2, 3
Suppose -k + 2*k - 2*h - 110 = 0, -5*h = 0. List the prime factors of k.
2, 5, 11
Let z(r) = r**2 - 2*r - 2. Let j be z(3). Let o be 0/2*(j - 0). Let g = o + 2. What are the prime factors of g?
2
Let h = -4 + 5. Suppose -h = -2*a + a. Suppose -37 = -3*g - a. List the prime factors of g.
2, 3
Suppose 2*h + 0*h + 14 = -5*l, 14 = -5*h - 2*l. Let o be 2*1/h*21. What are the prime factors of (-6)/o + (-99)/(-21)?
5
Let x = -14 + 10. What are the prime factors of ((-46)/x)/(1/2)?
23
Let d be 36/15 + (-2)/5. Let n = d - -18. What are the prime factors of n?
2, 5
Suppose h = -4 - 2. List the prime factors of 4/h + 246/18.
13
Let a(u) = u**2 + 5*u + 6. Let d = 7 + 0. Let h = d - 12. List the prime factors of a(h).
2, 3
Let u = 5 - -5. Let a = u - 5. Suppose a*b = -11 + 51. What are the prime factors of b?
2
Suppose -4*r = -0*r + 20, -2*u = -2*r - 126. What are the prime factors of u?
2, 29
Let r be 4/18 - 692/36. Let o = 40 + r. What are the prime factors of o?
3, 7
Let h = 10 - 6. Let n(u) = 3*u**2 + 2*u - 1. Let b be n(h). Suppose 2*i + 3*i = b. What are the prime factors of i?
11
Let l(f) = -f**2 - 6*f - 3. Let c(a) = 20 + 2*a - a - 17. Let v be c(-7). What are the prime factors of l(v)?
5
Suppose -d + 45 = 2*d. List the prime factors of d.
3, 5
Suppose 0*o - 15 = -5*o. Suppose 0 = o*h - 5 - 10. List the prime factors of h.
5
Let c(s) = -s**2 - 7*s + 3. Suppose 4*r + 15 = 5*t, 10 = -3*r + t + 3*t. Let l = -16 - r. What are the prime factors of c(l)?
3
Let w = -794 - -1257. List the prime factors of w.
463
Let g(z) = 2*z**3 - 11*z**2 + 5*z - 7. Let t be g(7). Suppose t = -0*c + 5*c. What are the prime factors of c?
5, 7
Let h(l) = -2*l + 2. Let d be h(-6). Let i(r) = -r**3 + 14*r**2 + r + 5. What are the prime factors of i(d)?
19
Suppose 3*v - 3 = 2*v + 5*b, 4*v - 3*b + 5 = 0. Let g be (-2)/6*(v - 1). Let m = g - -10. What are the prime factors of m?
11
What are the prime factors of (-1)/(-3*2/102)?
17
Let y be (-3)/9*111*-1. Suppose -27 = -p + 5*j, -j + y = -2*p + 136. Let w = p - 36. What are the prime factors of w?
2
Suppose 3*l - l - 98 = 0. What are the prime factors of l?
7
Let k(b) = -b**3 + 12*b**2 + 24. List the prime factors of k(6).
2, 3, 5
Let h(i) = 3 + 6*i + 3 - 1. List the prime factors of h(3).
23
Let u = 4 - 1. Suppose -2*w + 53 = 3*t - 6*t, 0 = u*w - 4*t - 82. What are the prime factors of w?
2, 17
What are the prime factors of (-13 - -1)/((-4)/2)?
2, 3
Suppose n - 7 + 3 = 0. Let y = 2 - n. Let h = y - -6. List the prime factors of h.
2
Suppose -4*t - 11 = 5. What are the prime factors of 80/(-12)*(t - -1)?
2, 5
Let p = -11 + 60. Suppose 2*o - 4 = 5*f, 5 - 13 = -4*f - 4*o. Suppose f = -5*j + 6 + p. List the prime factors of j.
11
Let v(y) = 53*y. What are the prime factors of v(1)?
53
Let j = 30 + 19. What are the prime factors of j?
7
Let k = -8 + 74. Let p = k - 20. What are the prime factors of p?
2, 23
Let f = -35 + 68. What are the prime factors of f?
3, 11
Let o be ((-24)/14)/(-2)*7. Suppose o = j + 1. Suppose j*f = -8 + 48. What are the prime factors of f?
2
Let c(y) = -y**3 + y - 2. What are the prime factors of c(-4)?
2, 29
Suppose -7*p = -10*p + 165. Suppose 0 = 5*s - 2*y - 0*y - p, 0 = s - 4*y - 29. What are the prime factors of s?
3
Let g(w) = -w**3 - w**2 + 3*w - 4. Let m be g(-3). Suppose -4*u - 51 = -5*t, -m*u = 2*t + 3*t - 60. List the prime factors of t.
11
Let d(z) be the second derivative of 1/6*z**3 + 2*z + 7*z**2 + 0. List the prime factors of d(-9).
5
Suppose -3*p + 26 = -2*p. List the prime factors of p.
2, 13
Let c = 13 - 8. Suppose -s + c*l = 8, 7*s - 3*s + 2*l - 12 = 0. Suppose -3*k + 4 = -s. What are the prime factors of k?
2
Suppose -r - 4 - 4 = -2*k, -3*r = -2*k + 4. Let w(y) = y**3 + 8*y**2 - 8*y + 11. Let q be w(-9). List the prime factors of 1 + (q - (r + -2)).
3
Let c = 0 - -15. Let p = 72 - c. Let g = -38 + p. List the prime factors of g.
19
Suppose -3*p = 3*f - 0*f + 9, 2*f + 3 = -p. Let n(k) = 2 - 102*k + k**2 + 50*k + 53*k. What are the prime factors of n(p)?
2
Suppose 4*l - 12 = 12. List the prime factors of l.
2, 3
Let v(j) be t